{"id":9751,"date":"2021-03-28T16:34:15","date_gmt":"2021-03-28T16:34:15","guid":{"rendered":"http:\/\/www.hvacredu.net\/staging\/?page_id=9751"},"modified":"2025-05-26T18:46:54","modified_gmt":"2025-05-27T01:46:54","slug":"reembolso","status":"publish","type":"page","link":"https:\/\/www.hvacredu.net\/staging\/reembolso\/","title":{"rendered":"Pol\u00edtica de reembolso"},"content":{"rendered":"\t\t<div data-elementor-type=\"wp-page\" data-elementor-id=\"9751\" class=\"elementor elementor-9751\" data-elementor-post-type=\"page\">\n\t\t\t\t\t\t<section class=\"elementor-section elementor-top-section elementor-element elementor-element-5ab0460 elementor-section-boxed elementor-section-height-default elementor-section-height-default\" data-id=\"5ab0460\" data-element_type=\"section\">\n\t\t\t\t\t\t<div class=\"elementor-container elementor-column-gap-default\">\n\t\t\t\t\t<div class=\"elementor-column elementor-col-100 elementor-top-column elementor-element elementor-element-f8b9866\" data-id=\"f8b9866\" data-element_type=\"column\">\n\t\t\t<div class=\"elementor-widget-wrap elementor-element-populated\">\n\t\t\t\t\t\t<div class=\"elementor-element elementor-element-94295a6 elementor-widget elementor-widget-heading\" data-id=\"94295a6\" data-element_type=\"widget\" data-widget_type=\"heading.default\">\n\t\t\t\t<div class=\"elementor-widget-container\">\n\t\t\t\t\t<h2 class=\"elementor-heading-title elementor-size-default\">Pol\u00edtica de reembolso<\/h2>\t\t\t\t<\/div>\n\t\t\t\t<\/div>\n\t\t\t\t\t<\/div>\n\t\t<\/div>\n\t\t\t\t\t<\/div>\n\t\t<\/section>\n\t\t\t\t<section class=\"elementor-section elementor-top-section elementor-element elementor-element-3538f4f elementor-section-boxed elementor-section-height-default elementor-section-height-default\" data-id=\"3538f4f\" data-element_type=\"section\">\n\t\t\t\t\t\t<div class=\"elementor-container elementor-column-gap-default\">\n\t\t\t\t\t<div class=\"elementor-column elementor-col-100 elementor-top-column elementor-element elementor-element-6ccba0f\" data-id=\"6ccba0f\" data-element_type=\"column\">\n\t\t\t<div class=\"elementor-widget-wrap elementor-element-populated\">\n\t\t\t\t\t\t<div class=\"elementor-element elementor-element-7181305 elementor-widget elementor-widget-text-editor\" data-id=\"7181305\" data-element_type=\"widget\" data-widget_type=\"text-editor.default\">\n\t\t\t\t<div class=\"elementor-widget-container\">\n\t\t\t\t\t\t\t\t\t<p><strong>Pol\u00edtica de reembolso de HVACR<\/strong><\/p><p>Las inscripciones de los estudiantes se pagan por varias maneras. HVACRedu.net trabajar\u00e1 con la parte compradora para la inscripci\u00f3n de ese estudiante. Si la compra se llev\u00f3 a cabo mediante un empleador o uno de nuestros colaboradores, trabajaremos con el individuo haciendo el pago quien se comunicar\u00e1 con el estudiante. Los empleadores y los socios tambi\u00e9n deber\u00e1n estar sujetos a esta pol\u00edtica. Trabajaremos con el estudiante si fue el estudiante quien compr\u00f3 el curso o programa directamente a trav\u00e9s de HVACRedu.net. Las solicitudes de reembolso deben enviarse por correo electr\u00f3nico a <a href=\"mailto:orders@hvacredu.net\">orders@hvacredu.net<\/a>.<\/p><p><strong>Definiciones:<\/strong><\/p><ul><li><strong>Curso &#8212; <\/strong>Curso individual que aparece en el Cat\u00e1logo Maestro.<\/li><li><strong>Programa \u2013 <\/strong>Un conjunto o una serie de cursos incluidos en el precio del programa, descrito en el Cat\u00e1logo Maestro.<\/li><\/ul><p><strong>Inscripci\u00f3n cancelada:<\/strong><\/p><ul><li>Si hubo un error en la inscripci\u00f3n, o si el estudiante cancela la inscripci\u00f3n dentro de 72 horas despu\u00e9s de la inscripci\u00f3n, y si no se enviaron libros, y si el estudiante nunca accedi\u00f3 al curso o programa, entonces el reembolso ser\u00e1 del 100%.<\/li><li>Si hubo un error en la inscripci\u00f3n, o si el estudiante cancela la inscripci\u00f3n despu\u00e9s de que se enviaron los libros, pero el estudiante nunca accedi\u00f3 al curso o programa, el reembolso ser\u00e1 del 100% del precio de inscripci\u00f3n menos todos los gastos de env\u00edo y devoluci\u00f3n de los libros y una tarifa administrativa de $50. La cuota administrativa del $50 ser\u00e1 renunciada si el estudiante se inscribe en un curso o programa diferente.<\/li><\/ul><p><strong>Retirada tras el inicio de un CURSO:<\/strong><\/p><ul><li>Un estudiante puede solicitar un reembolso despu\u00e9s de retirarse de un CURSO que ha comenzado. Los reembolsos se emitir\u00e1n de la siguiente manera:<\/li><li>Si el estudiante nunca accedi\u00f3 al curso y nos avis\u00f3 de su opci\u00f3n de retirar en cualquier momento dentro de los primeros siete d\u00edas, entonces el reembolso ser\u00e1 del 100% del precio de compra menos el precio de cualquier libro de texto, gastos de env\u00edo, y una tarifa administrativa de $125.<\/li><li>Si el estudiante accedi\u00f3 al curso y nos avis\u00f3 de su opci\u00f3n de retirarse en cualquier momento durante los primeros siete d\u00edas o mientras est\u00e9 haciendo el primer m\u00f3dulo del curso, y si el estudiante no intent\u00f3 un examen, entonces el reembolso ser\u00e1 del 100% del precio de compra menos el precio de cualquier libro de texto, gastos de env\u00edo, y una tarifa administrativa de $125.<\/li><li>Si el estudiante nos avisa de su opci\u00f3n de retirar y solicita un reembolso despu\u00e9s de intentar un examen o despu\u00e9s de los primeros 7 d\u00edas de un curso, no se conceder\u00e1 un reembolso.<\/li><\/ul><p><strong>Cancelaci\u00f3n de un curso:<\/strong><\/p><ul><li>Se har\u00e1 un acuerdo razonable con estudiantes individuales si, por cualquier circunstancia m\u00e1s all\u00e1 del control del estudiante, el curso es cancelado en cualquier momento antes de que el curso sea completado.<\/li><\/ul><p><strong>Retirada tras el inicio de un PROGRAMA: Si el estudiante pag\u00f3.<\/strong><\/p><ul><li>Un estudiante puede solicitar un reembolso despu\u00e9s de retirarse de un PROGRAMA que ha comenzado. Los reembolsos se emitir\u00e1n de la siguiente manera:<\/li><li>Si el estudiante que est\u00e1 inscrito en un PROGRAMA nunca accedi\u00f3 al primer curso y nos avis\u00f3 de su opci\u00f3n de retirarse dentro de los 60 d\u00edas de la inscripci\u00f3n, entonces el reembolso ser\u00e1 del 100% del precio de compra menos el precio de cualquier libro de texto, gastos de env\u00edo, y una tarifa administrativa de $125. Despu\u00e9s de 60 d\u00edas de inactividad no habr\u00e1 reembolso de un programa al cual el estudiante nunca accedi\u00f3.<\/li><li>Si el estudiante que est\u00e1 inscrito en un PROGRAMA accedi\u00f3 al primer curso y nos avis\u00f3 de su opci\u00f3n de retirarse en cualquier momento durante los primeros siete d\u00edas o mientras est\u00e9 haciendo el primer m\u00f3dulo del curso, y si el estudiante no intent\u00f3 un examen, entonces el reembolso ser\u00e1 del 100% del precio de compra menos el precio de cualquier libro de texto, gastos de env\u00edo, y una tarifa administrativa de $125.<\/li><li>Si el estudiante inscrito en UN PROGRAMA nos avis\u00f3 de s opci\u00f3n de retirarse y solicit\u00f3 un reembolso despu\u00e9s de intentar un examen o despu\u00e9s de los primeros siete d\u00edas de un curso, entonces el reembolso se calcular\u00e1 como se muestra a continuaci\u00f3n:<\/li><li>net mantendr\u00e1 una cuota administrativa de $125, m\u00e1s la cantidad igual al precio total de venta al por menor (como se muestra en la tienda del campus) de cada CURSO que el estudiante ha accedido\/consumido en su PROGRAMA hasta un m\u00e1ximo de la primera mitad del programa.<\/li><li>Una vez que el estudiante empiece la segunda mitad del programa o se haya transcurrido m\u00e1s de la mitad del plazo permitido de inscripci\u00f3n del programa, no se conceder\u00e1 un reembolso del programa.<\/li><\/ul><p><strong>Retirada tras el inicio de un PROGRAMA:\u00a0Si el Empleador pag\u00f3.<\/strong><\/p><ul><li>Cuando un estudiante se retira de un programa que el empleador pag\u00f3, la parte no utilizada del programa puede ser acreditada a otro empleado de la misma compa\u00f1\u00eda s\u00f3lo una vez de la siguiente manera:<\/li><li>Calcularemos el equivalente de precio para la porci\u00f3n restante del programa basado en el porcentaje del programa no utilizado, que ser\u00e1 retenido en la cuenta del empleador y aplicado al precio de la inscripci\u00f3n del programa completo de otro empleado.<\/li><li>Si un estudiante se retira de un programa despu\u00e9s de completar el 50% o m\u00e1s del programa no se conceder\u00e1 cr\u00e9dito al empleador.<\/li><li>Cuando un estudiante se retira del programa de suscripci\u00f3n que el empleador pag\u00f3, el tiempo restante en la suscripci\u00f3n puede ser asignado a otro empleado de la misma compa\u00f1\u00eda s\u00f3lo una vez.<\/li><\/ul><p><strong>Otros detalles:<\/strong><\/p><ul><li>Los reembolsos se enviar\u00e1n por correo dentro de dos semanas despu\u00e9s de que la solicitud de reembolso haya sido aprobada.<\/li><li>Las solicitudes de reembolso deben enviarse por correo electr\u00f3nico a: <a href=\"mailto:orders@hvacredu.net\">orders@hvacredu.net<\/a>.<\/li><\/ul>\t\t\t\t\t\t\t\t<\/div>\n\t\t\t\t<\/div>\n\t\t\t\t\t<\/div>\n\t\t<\/div>\n\t\t\t\t\t<\/div>\n\t\t<\/section>\n\t\t\t\t<section class=\"elementor-section elementor-top-section elementor-element elementor-element-5d81870 elementor-section-boxed elementor-section-height-default elementor-section-height-default\" data-id=\"5d81870\" data-element_type=\"section\">\n\t\t\t\t\t\t<div class=\"elementor-container elementor-column-gap-default\">\n\t\t\t\t\t<div class=\"elementor-column elementor-col-100 elementor-top-column elementor-element elementor-element-7266940\" data-id=\"7266940\" data-element_type=\"column\">\n\t\t\t<div class=\"elementor-widget-wrap elementor-element-populated\">\n\t\t\t\t\t\t<div class=\"elementor-element elementor-element-26fd6e1 elementor-widget elementor-widget-spacer\" data-id=\"26fd6e1\" data-element_type=\"widget\" data-widget_type=\"spacer.default\">\n\t\t\t\t<div class=\"elementor-widget-container\">\n\t\t\t\t\t\t\t<div class=\"elementor-spacer\">\n\t\t\t<div class=\"elementor-spacer-inner\"><\/div>\n\t\t<\/div>\n\t\t\t\t\t\t<\/div>\n\t\t\t\t<\/div>\n\t\t\t\t\t<\/div>\n\t\t<\/div>\n\t\t\t\t\t<\/div>\n\t\t<\/section>\n\t\t\t\t<section class=\"elementor-section elementor-top-section elementor-element elementor-element-ee1d757 elementor-section-boxed elementor-section-height-default elementor-section-height-default\" data-id=\"ee1d757\" data-element_type=\"section\">\n\t\t\t\t\t\t<div class=\"elementor-container elementor-column-gap-default\">\n\t\t\t\t\t<div class=\"elementor-column elementor-col-100 elementor-top-column elementor-element elementor-element-76d8957\" data-id=\"76d8957\" data-element_type=\"column\">\n\t\t\t<div class=\"elementor-widget-wrap elementor-element-populated\">\n\t\t\t\t\t\t<div class=\"elementor-element elementor-element-8f71ec2 elementor-widget-divider--view-line elementor-widget elementor-widget-divider\" data-id=\"8f71ec2\" data-element_type=\"widget\" data-widget_type=\"divider.default\">\n\t\t\t\t<div class=\"elementor-widget-container\">\n\t\t\t\t\t\t\t<div class=\"elementor-divider\">\n\t\t\t<span class=\"elementor-divider-separator\">\n\t\t\t\t\t\t<\/span>\n\t\t<\/div>\n\t\t\t\t\t\t<\/div>\n\t\t\t\t<\/div>\n\t\t\t\t\t<\/div>\n\t\t<\/div>\n\t\t\t\t\t<\/div>\n\t\t<\/section>\n\t\t\t\t<\/div>\n\t\t","protected":false},"excerpt":{"rendered":"<p>Pol\u00edtica de reembolso Pol\u00edtica de reembolso de HVACR Las inscripciones de los estudiantes se pagan por varias maneras. HVACRedu.net trabajar\u00e1 con la parte compradora para la inscripci\u00f3n de ese estudiante. Si la compra se llev\u00f3 a cabo mediante un empleador o uno de nuestros colaboradores, trabajaremos con el individuo haciendo el pago quien se comunicar\u00e1 [&hellip;]<\/p>\n","protected":false},"author":1,"featured_media":0,"parent":0,"menu_order":0,"comment_status":"closed","ping_status":"closed","template":"","meta":{"productId":0,"courseId":0,"footnotes":""},"class_list":["post-9751","page","type-page","status-publish","hentry"],"yoast_head":"<!-- This site is optimized with the Yoast SEO Premium plugin v25.2 (Yoast SEO v25.8) - https:\/\/yoast.com\/wordpress\/plugins\/seo\/ -->\n<title>Pol\u00edtica de reembolso - HVACRedu.net - Online HVAC and Refrigeration Training<\/title>\n<meta name=\"robots\" content=\"noindex, follow, max-snippet:-1, max-image-preview:large, max-video-preview:-1\" \/>\n<meta property=\"og:locale\" content=\"en_US\" \/>\n<meta property=\"og:type\" content=\"article\" \/>\n<meta property=\"og:title\" content=\"Pol\u00edtica de reembolso\" \/>\n<meta property=\"og:description\" content=\"Pol\u00edtica de reembolso Pol\u00edtica de reembolso de HVACR Las inscripciones de los estudiantes se pagan por varias maneras. HVACRedu.net trabajar\u00e1 con la parte compradora para la inscripci\u00f3n de ese estudiante. Si la compra se llev\u00f3 a cabo mediante un empleador o uno de nuestros colaboradores, trabajaremos con el individuo haciendo el pago quien se comunicar\u00e1 [&hellip;]\" \/>\n<meta property=\"og:url\" content=\"https:\/\/www.hvacredu.net\/staging\/reembolso\/\" \/>\n<meta property=\"og:site_name\" content=\"HVACRedu.net - Online HVAC and Refrigeration Training\" \/>\n<meta property=\"article:publisher\" content=\"https:\/\/www.facebook.com\/hvacredunet\" \/>\n<meta property=\"article:modified_time\" content=\"2025-05-27T01:46:54+00:00\" \/>\n<meta name=\"twitter:card\" content=\"summary_large_image\" \/>\n<meta name=\"twitter:site\" content=\"@hvacreducation\" \/>\n<meta name=\"twitter:label1\" content=\"Est. reading time\" \/>\n\t<meta name=\"twitter:data1\" content=\"5 minutes\" \/>\n<script type=\"application\/ld+json\" class=\"yoast-schema-graph\">{\"@context\":\"https:\/\/schema.org\",\"@graph\":[{\"@type\":\"WebPage\",\"@id\":\"https:\/\/www.hvacredu.net\/staging\/reembolso\/\",\"url\":\"https:\/\/www.hvacredu.net\/staging\/reembolso\/\",\"name\":\"Pol\u00edtica de reembolso - HVACRedu.net - Online HVAC and Refrigeration Training\",\"isPartOf\":{\"@id\":\"https:\/\/www.hvacredu.net\/staging\/#website\"},\"datePublished\":\"2021-03-28T16:34:15+00:00\",\"dateModified\":\"2025-05-27T01:46:54+00:00\",\"breadcrumb\":{\"@id\":\"https:\/\/www.hvacredu.net\/staging\/reembolso\/#breadcrumb\"},\"inLanguage\":\"en\",\"potentialAction\":[{\"@type\":\"ReadAction\",\"target\":[\"https:\/\/www.hvacredu.net\/staging\/reembolso\/\"]}]},{\"@type\":\"BreadcrumbList\",\"@id\":\"https:\/\/www.hvacredu.net\/staging\/reembolso\/#breadcrumb\",\"itemListElement\":[{\"@type\":\"ListItem\",\"position\":1,\"name\":\"Home\",\"item\":\"https:\/\/www.hvacredu.net\/staging\/\"},{\"@type\":\"ListItem\",\"position\":2,\"name\":\"Pol\u00edtica de reembolso\"}]},{\"@type\":\"WebSite\",\"@id\":\"https:\/\/www.hvacredu.net\/staging\/#website\",\"url\":\"https:\/\/www.hvacredu.net\/staging\/\",\"name\":\"HVACRedu.net - Online HVAC and Refrigeration Training\",\"description\":\"\",\"publisher\":{\"@id\":\"https:\/\/www.hvacredu.net\/staging\/#organization\"},\"potentialAction\":[{\"@type\":\"SearchAction\",\"target\":{\"@type\":\"EntryPoint\",\"urlTemplate\":\"https:\/\/www.hvacredu.net\/staging\/?s={search_term_string}\"},\"query-input\":{\"@type\":\"PropertyValueSpecification\",\"valueRequired\":true,\"valueName\":\"search_term_string\"}}],\"inLanguage\":\"en\"},{\"@type\":\"Organization\",\"@id\":\"https:\/\/www.hvacredu.net\/staging\/#organization\",\"name\":\"www.hvacredu.net\",\"url\":\"https:\/\/www.hvacredu.net\/staging\/\",\"logo\":{\"@type\":\"ImageObject\",\"inLanguage\":\"en\",\"@id\":\"https:\/\/www.hvacredu.net\/staging\/#\/schema\/logo\/image\/\",\"url\":\"http:\/\/www.hvacredu.net\/staging\/wp-content\/uploads\/2021\/05\/HVAClogo-2-1.png\",\"contentUrl\":\"http:\/\/www.hvacredu.net\/staging\/wp-content\/uploads\/2021\/05\/HVAClogo-2-1.png\",\"width\":200,\"height\":54,\"caption\":\"www.hvacredu.net\"},\"image\":{\"@id\":\"https:\/\/www.hvacredu.net\/staging\/#\/schema\/logo\/image\/\"},\"sameAs\":[\"https:\/\/www.facebook.com\/hvacredunet\",\"https:\/\/x.com\/hvacreducation\",\"https:\/\/www.instagram.com\/hvacredu\/\",\"https:\/\/www.youtube.com\/channel\/UCt3vrukCW1pZlpnmjexqQcA\"]}]}<\/script>\n<!-- \/ Yoast SEO Premium plugin. -->","yoast_head_json":{"title":"Pol\u00edtica de reembolso - HVACRedu.net - Online HVAC and Refrigeration Training","robots":{"index":"noindex","follow":"follow","max-snippet":"max-snippet:-1","max-image-preview":"max-image-preview:large","max-video-preview":"max-video-preview:-1"},"og_locale":"en_US","og_type":"article","og_title":"Pol\u00edtica de reembolso","og_description":"Pol\u00edtica de reembolso Pol\u00edtica de reembolso de HVACR Las inscripciones de los estudiantes se pagan por varias maneras. HVACRedu.net trabajar\u00e1 con la parte compradora para la inscripci\u00f3n de ese estudiante. Si la compra se llev\u00f3 a cabo mediante un empleador o uno de nuestros colaboradores, trabajaremos con el individuo haciendo el pago quien se comunicar\u00e1 [&hellip;]","og_url":"https:\/\/www.hvacredu.net\/staging\/reembolso\/","og_site_name":"HVACRedu.net - Online HVAC and Refrigeration Training","article_publisher":"https:\/\/www.facebook.com\/hvacredunet","article_modified_time":"2025-05-27T01:46:54+00:00","twitter_card":"summary_large_image","twitter_site":"@hvacreducation","twitter_misc":{"Est. reading time":"5 minutes"},"schema":{"@context":"https:\/\/schema.org","@graph":[{"@type":"WebPage","@id":"https:\/\/www.hvacredu.net\/staging\/reembolso\/","url":"https:\/\/www.hvacredu.net\/staging\/reembolso\/","name":"Pol\u00edtica de reembolso - HVACRedu.net - Online HVAC and Refrigeration Training","isPartOf":{"@id":"https:\/\/www.hvacredu.net\/staging\/#website"},"datePublished":"2021-03-28T16:34:15+00:00","dateModified":"2025-05-27T01:46:54+00:00","breadcrumb":{"@id":"https:\/\/www.hvacredu.net\/staging\/reembolso\/#breadcrumb"},"inLanguage":"en","potentialAction":[{"@type":"ReadAction","target":["https:\/\/www.hvacredu.net\/staging\/reembolso\/"]}]},{"@type":"BreadcrumbList","@id":"https:\/\/www.hvacredu.net\/staging\/reembolso\/#breadcrumb","itemListElement":[{"@type":"ListItem","position":1,"name":"Home","item":"https:\/\/www.hvacredu.net\/staging\/"},{"@type":"ListItem","position":2,"name":"Pol\u00edtica de reembolso"}]},{"@type":"WebSite","@id":"https:\/\/www.hvacredu.net\/staging\/#website","url":"https:\/\/www.hvacredu.net\/staging\/","name":"HVACRedu.net - Online HVAC and Refrigeration Training","description":"","publisher":{"@id":"https:\/\/www.hvacredu.net\/staging\/#organization"},"potentialAction":[{"@type":"SearchAction","target":{"@type":"EntryPoint","urlTemplate":"https:\/\/www.hvacredu.net\/staging\/?s={search_term_string}"},"query-input":{"@type":"PropertyValueSpecification","valueRequired":true,"valueName":"search_term_string"}}],"inLanguage":"en"},{"@type":"Organization","@id":"https:\/\/www.hvacredu.net\/staging\/#organization","name":"www.hvacredu.net","url":"https:\/\/www.hvacredu.net\/staging\/","logo":{"@type":"ImageObject","inLanguage":"en","@id":"https:\/\/www.hvacredu.net\/staging\/#\/schema\/logo\/image\/","url":"http:\/\/www.hvacredu.net\/staging\/wp-content\/uploads\/2021\/05\/HVAClogo-2-1.png","contentUrl":"http:\/\/www.hvacredu.net\/staging\/wp-content\/uploads\/2021\/05\/HVAClogo-2-1.png","width":200,"height":54,"caption":"www.hvacredu.net"},"image":{"@id":"https:\/\/www.hvacredu.net\/staging\/#\/schema\/logo\/image\/"},"sameAs":["https:\/\/www.facebook.com\/hvacredunet","https:\/\/x.com\/hvacreducation","https:\/\/www.instagram.com\/hvacredu\/","https:\/\/www.youtube.com\/channel\/UCt3vrukCW1pZlpnmjexqQcA"]}]}},"_links":{"self":[{"href":"https:\/\/www.hvacredu.net\/staging\/wp-json\/wp\/v2\/pages\/9751","targetHints":{"allow":["GET"]}}],"collection":[{"href":"https:\/\/www.hvacredu.net\/staging\/wp-json\/wp\/v2\/pages"}],"about":[{"href":"https:\/\/www.hvacredu.net\/staging\/wp-json\/wp\/v2\/types\/page"}],"author":[{"embeddable":true,"href":"https:\/\/www.hvacredu.net\/staging\/wp-json\/wp\/v2\/users\/1"}],"replies":[{"embeddable":true,"href":"https:\/\/www.hvacredu.net\/staging\/wp-json\/wp\/v2\/comments?post=9751"}],"version-history":[{"count":7,"href":"https:\/\/www.hvacredu.net\/staging\/wp-json\/wp\/v2\/pages\/9751\/revisions"}],"predecessor-version":[{"id":39447,"href":"https:\/\/www.hvacredu.net\/staging\/wp-json\/wp\/v2\/pages\/9751\/revisions\/39447"}],"wp:attachment":[{"href":"https:\/\/www.hvacredu.net\/staging\/wp-json\/wp\/v2\/media?parent=9751"}],"curies":[{"name":"wp","href":"https:\/\/api.w.org\/{rel}","templated":true}]}}