{"id":40620,"date":"2025-06-16T16:15:24","date_gmt":"2025-06-16T23:15:24","guid":{"rendered":"https:\/\/www.hvacredu.net\/staging\/?post_type=product&#038;p=40620"},"modified":"2025-08-06T15:41:04","modified_gmt":"2025-08-06T22:41:04","slug":"112-electricidad","status":"publish","type":"product","link":"https:\/\/www.hvacredu.net\/staging\/shop\/112-electricidad\/","title":{"rendered":"112 Electricidad"},"content":{"rendered":"<p class=\"ai-optimize-33 ai-optimize-introduction\">Este curso sirve de introducci\u00f3n b\u00e1sica al entorno el\u00e9ctrico de la industria de HVACR. El hecho de que llegara aqu\u00ed significa que le interesa aprender m\u00e1s en su campo de trabajo. Eso es algo positivo. Estes cursos est\u00e1n dise\u00f1ados a tratar del contenido de conocimiento que la industria de HVACR ha identificado como conceptos claves para el conocimiento t\u00e9cnico. Al cumplir con \u00e9xito los cuatro primeros cursos sobre lo el\u00e9ctrico ofrecidos por HVACReducation.net deber\u00eda estar preparado para aprobar varias partes de ex\u00e1menes que tratan de lo electr\u00f3nico en HVACR a nivel principiante. Por ejemplo el ICE (el Examen de Capacidad de la Industria) de ARI (el Instituto de Aire acondicionado y la Refrigeraci\u00f3n), la parte el\u00e9ctrica fundamental del Nivel de Instalaci\u00f3n de NATE (Excelencia del t\u00e9cnico norteamericano) o las preguntas correspondientes a lo el\u00e9ctrico del Examen de CM del RSES (Sociedad de Ingenieros del Servicio de Refrigeraci\u00f3n). Por lo menos estar\u00e1 mejor preparado para desempe\u00f1ar su trabajo.<\/p>\n<p class=\"ai-optimize-34\">Es de suma importancia que un t\u00e9cnico de HVACR entienda de los electrones. Un hecho del trabajo es que entre 75 y 85 % de todo el trabajo de servicio de HVACR tiene que ver con la electricidad. Casi todo en la industria de la HVACR o est\u00e1 impulsado o controlado por la energ\u00eda el\u00e9ctrica. Como t\u00e9cnico debe estar capaz de analizar los componentes y circuitos el\u00e9ctricos que forman los sistemas. Su trabajo es mantenerlos funcionando de la forma apropiada.<\/p>\n<p class=\"ai-optimize-35\">Seguiremos adelante a partir del fin del curso anterior ya que aquel curso sent\u00f3 los cimientos de \u00e9ste. El enfoque de este curso es la corriente alterna. Comenzaremos con el magnetismo y a continuaci\u00f3n con su empleo en la creaci\u00f3n de la corriente alterna. Partiendo de aquella discusi\u00f3n hablaremos de los dos tipos principales de carga en HVACR los cuales usan esta fuente de alimentaci\u00f3n. El siguiente tema es los condensadores; hablaremos de la forma en que un condensador afecta la marcha del equipo. Entonces estudiaremos los valores el\u00e9ctricos de tales dispositivos de carga y c\u00f3mo calcularlos. Haremos hincapi\u00e9 en las cargas de tipo inductivo. El \u00faltimo tema del curso es los transformadores que se utilizan en sistemas de HVACR y despu\u00e9s hay el examen final.<\/p>\n<p class=\"ai-optimize-36\">Disfrute de sus estudios.<\/p>\n","protected":false},"excerpt":{"rendered":"<p class=\"ai-optimize-38 ai-optimize-introduction\">Este curso sirve de introducci\u00f3n b\u00e1sica al entorno el\u00e9ctrico de la industria de HVACR. El hecho de que llegara aqu\u00ed significa que le interesa aprender m\u00e1s en su campo de trabajo.<\/p>\n","protected":false},"featured_media":40621,"template":"","meta":[],"product_brand":[],"product_cat":[128,135],"product_tag":[],"class_list":{"0":"post-40620","1":"product","2":"type-product","3":"status-publish","4":"has-post-thumbnail","6":"product_cat-individual-training-courses","7":"product_cat-cursos-en-espanol","9":"first","10":"instock","11":"downloadable","12":"virtual","13":"taxable","14":"purchasable","15":"product-type-simple"},"yoast_head":"<!-- This site is optimized with the Yoast SEO Premium plugin v25.2 (Yoast SEO v25.8) - https:\/\/yoast.com\/wordpress\/plugins\/seo\/ -->\n<title>112 Electricidad - HVACRedu.net - Online HVAC and Refrigeration Training<\/title>\n<meta name=\"robots\" content=\"noindex, follow, max-snippet:-1, max-image-preview:large, max-video-preview:-1\" \/>\n<meta property=\"og:locale\" content=\"en_US\" \/>\n<meta property=\"og:type\" content=\"article\" \/>\n<meta property=\"og:title\" content=\"112 Electricidad\" \/>\n<meta property=\"og:description\" content=\"Este curso sirve de introducci\u00f3n b\u00e1sica al entorno el\u00e9ctrico de la industria de HVACR. El hecho de que llegara aqu\u00ed significa que le interesa aprender m\u00e1s en su campo de trabajo.\" \/>\n<meta property=\"og:url\" content=\"https:\/\/www.hvacredu.net\/staging\/shop\/112-electricidad\/\" \/>\n<meta property=\"og:site_name\" content=\"HVACRedu.net - Online HVAC and Refrigeration Training\" \/>\n<meta property=\"article:publisher\" content=\"https:\/\/www.facebook.com\/hvacredunet\" \/>\n<meta property=\"article:modified_time\" content=\"2025-08-06T22:41:04+00:00\" \/>\n<meta property=\"og:image\" content=\"https:\/\/www.hvacredu.net\/staging\/wp-content\/uploads\/2025\/06\/112-S_HVAC_Electricidad.jpg\" \/>\n\t<meta property=\"og:image:width\" content=\"320\" \/>\n\t<meta property=\"og:image:height\" content=\"220\" \/>\n\t<meta property=\"og:image:type\" content=\"image\/jpeg\" \/>\n<meta name=\"twitter:card\" content=\"summary_large_image\" \/>\n<meta name=\"twitter:site\" content=\"@hvacreducation\" \/>\n<meta name=\"twitter:label1\" content=\"Est. reading time\" \/>\n\t<meta name=\"twitter:data1\" content=\"2 minutes\" \/>\n<script type=\"application\/ld+json\" class=\"yoast-schema-graph\">{\"@context\":\"https:\/\/schema.org\",\"@graph\":[{\"@type\":\"WebPage\",\"@id\":\"https:\/\/www.hvacredu.net\/staging\/shop\/112-electricidad\/\",\"url\":\"https:\/\/www.hvacredu.net\/staging\/shop\/112-electricidad\/\",\"name\":\"112 Electricidad - HVACRedu.net - Online HVAC and Refrigeration Training\",\"isPartOf\":{\"@id\":\"https:\/\/www.hvacredu.net\/staging\/#website\"},\"primaryImageOfPage\":{\"@id\":\"https:\/\/www.hvacredu.net\/staging\/shop\/112-electricidad\/#primaryimage\"},\"image\":{\"@id\":\"https:\/\/www.hvacredu.net\/staging\/shop\/112-electricidad\/#primaryimage\"},\"thumbnailUrl\":\"https:\/\/www.hvacredu.net\/staging\/wp-content\/uploads\/2025\/06\/112-S_HVAC_Electricidad.jpg\",\"datePublished\":\"2025-06-16T23:15:24+00:00\",\"dateModified\":\"2025-08-06T22:41:04+00:00\",\"breadcrumb\":{\"@id\":\"https:\/\/www.hvacredu.net\/staging\/shop\/112-electricidad\/#breadcrumb\"},\"inLanguage\":\"en\",\"potentialAction\":[{\"@type\":\"ReadAction\",\"target\":[\"https:\/\/www.hvacredu.net\/staging\/shop\/112-electricidad\/\"]}]},{\"@type\":\"ImageObject\",\"inLanguage\":\"en\",\"@id\":\"https:\/\/www.hvacredu.net\/staging\/shop\/112-electricidad\/#primaryimage\",\"url\":\"https:\/\/www.hvacredu.net\/staging\/wp-content\/uploads\/2025\/06\/112-S_HVAC_Electricidad.jpg\",\"contentUrl\":\"https:\/\/www.hvacredu.net\/staging\/wp-content\/uploads\/2025\/06\/112-S_HVAC_Electricidad.jpg\",\"width\":320,\"height\":220,\"caption\":\"multimeter probes isolated against white background\"},{\"@type\":\"BreadcrumbList\",\"@id\":\"https:\/\/www.hvacredu.net\/staging\/shop\/112-electricidad\/#breadcrumb\",\"itemListElement\":[{\"@type\":\"ListItem\",\"position\":1,\"name\":\"Home\",\"item\":\"https:\/\/www.hvacredu.net\/staging\/\"},{\"@type\":\"ListItem\",\"position\":2,\"name\":\"Shop\",\"item\":\"https:\/\/www.hvacredu.net\/staging\/shop\/\"},{\"@type\":\"ListItem\",\"position\":3,\"name\":\"112 Electricidad\"}]},{\"@type\":\"WebSite\",\"@id\":\"https:\/\/www.hvacredu.net\/staging\/#website\",\"url\":\"https:\/\/www.hvacredu.net\/staging\/\",\"name\":\"HVACRedu.net - Online HVAC and Refrigeration Training\",\"description\":\"\",\"publisher\":{\"@id\":\"https:\/\/www.hvacredu.net\/staging\/#organization\"},\"potentialAction\":[{\"@type\":\"SearchAction\",\"target\":{\"@type\":\"EntryPoint\",\"urlTemplate\":\"https:\/\/www.hvacredu.net\/staging\/?s={search_term_string}\"},\"query-input\":{\"@type\":\"PropertyValueSpecification\",\"valueRequired\":true,\"valueName\":\"search_term_string\"}}],\"inLanguage\":\"en\"},{\"@type\":\"Organization\",\"@id\":\"https:\/\/www.hvacredu.net\/staging\/#organization\",\"name\":\"www.hvacredu.net\",\"url\":\"https:\/\/www.hvacredu.net\/staging\/\",\"logo\":{\"@type\":\"ImageObject\",\"inLanguage\":\"en\",\"@id\":\"https:\/\/www.hvacredu.net\/staging\/#\/schema\/logo\/image\/\",\"url\":\"http:\/\/www.hvacredu.net\/staging\/wp-content\/uploads\/2021\/05\/HVAClogo-2-1.png\",\"contentUrl\":\"http:\/\/www.hvacredu.net\/staging\/wp-content\/uploads\/2021\/05\/HVAClogo-2-1.png\",\"width\":200,\"height\":54,\"caption\":\"www.hvacredu.net\"},\"image\":{\"@id\":\"https:\/\/www.hvacredu.net\/staging\/#\/schema\/logo\/image\/\"},\"sameAs\":[\"https:\/\/www.facebook.com\/hvacredunet\",\"https:\/\/x.com\/hvacreducation\",\"https:\/\/www.instagram.com\/hvacredu\/\",\"https:\/\/www.youtube.com\/channel\/UCt3vrukCW1pZlpnmjexqQcA\"]}]}<\/script>\n<!-- \/ Yoast SEO Premium plugin. -->","yoast_head_json":{"title":"112 Electricidad - HVACRedu.net - Online HVAC and Refrigeration Training","robots":{"index":"noindex","follow":"follow","max-snippet":"max-snippet:-1","max-image-preview":"max-image-preview:large","max-video-preview":"max-video-preview:-1"},"og_locale":"en_US","og_type":"article","og_title":"112 Electricidad","og_description":"Este curso sirve de introducci\u00f3n b\u00e1sica al entorno el\u00e9ctrico de la industria de HVACR. El hecho de que llegara aqu\u00ed significa que le interesa aprender m\u00e1s en su campo de trabajo.","og_url":"https:\/\/www.hvacredu.net\/staging\/shop\/112-electricidad\/","og_site_name":"HVACRedu.net - Online HVAC and Refrigeration Training","article_publisher":"https:\/\/www.facebook.com\/hvacredunet","article_modified_time":"2025-08-06T22:41:04+00:00","og_image":[{"width":320,"height":220,"url":"https:\/\/www.hvacredu.net\/staging\/wp-content\/uploads\/2025\/06\/112-S_HVAC_Electricidad.jpg","type":"image\/jpeg"}],"twitter_card":"summary_large_image","twitter_site":"@hvacreducation","twitter_misc":{"Est. reading time":"2 minutes"},"schema":{"@context":"https:\/\/schema.org","@graph":[{"@type":"WebPage","@id":"https:\/\/www.hvacredu.net\/staging\/shop\/112-electricidad\/","url":"https:\/\/www.hvacredu.net\/staging\/shop\/112-electricidad\/","name":"112 Electricidad - HVACRedu.net - Online HVAC and Refrigeration Training","isPartOf":{"@id":"https:\/\/www.hvacredu.net\/staging\/#website"},"primaryImageOfPage":{"@id":"https:\/\/www.hvacredu.net\/staging\/shop\/112-electricidad\/#primaryimage"},"image":{"@id":"https:\/\/www.hvacredu.net\/staging\/shop\/112-electricidad\/#primaryimage"},"thumbnailUrl":"https:\/\/www.hvacredu.net\/staging\/wp-content\/uploads\/2025\/06\/112-S_HVAC_Electricidad.jpg","datePublished":"2025-06-16T23:15:24+00:00","dateModified":"2025-08-06T22:41:04+00:00","breadcrumb":{"@id":"https:\/\/www.hvacredu.net\/staging\/shop\/112-electricidad\/#breadcrumb"},"inLanguage":"en","potentialAction":[{"@type":"ReadAction","target":["https:\/\/www.hvacredu.net\/staging\/shop\/112-electricidad\/"]}]},{"@type":"ImageObject","inLanguage":"en","@id":"https:\/\/www.hvacredu.net\/staging\/shop\/112-electricidad\/#primaryimage","url":"https:\/\/www.hvacredu.net\/staging\/wp-content\/uploads\/2025\/06\/112-S_HVAC_Electricidad.jpg","contentUrl":"https:\/\/www.hvacredu.net\/staging\/wp-content\/uploads\/2025\/06\/112-S_HVAC_Electricidad.jpg","width":320,"height":220,"caption":"multimeter probes isolated against white background"},{"@type":"BreadcrumbList","@id":"https:\/\/www.hvacredu.net\/staging\/shop\/112-electricidad\/#breadcrumb","itemListElement":[{"@type":"ListItem","position":1,"name":"Home","item":"https:\/\/www.hvacredu.net\/staging\/"},{"@type":"ListItem","position":2,"name":"Shop","item":"https:\/\/www.hvacredu.net\/staging\/shop\/"},{"@type":"ListItem","position":3,"name":"112 Electricidad"}]},{"@type":"WebSite","@id":"https:\/\/www.hvacredu.net\/staging\/#website","url":"https:\/\/www.hvacredu.net\/staging\/","name":"HVACRedu.net - Online HVAC and Refrigeration Training","description":"","publisher":{"@id":"https:\/\/www.hvacredu.net\/staging\/#organization"},"potentialAction":[{"@type":"SearchAction","target":{"@type":"EntryPoint","urlTemplate":"https:\/\/www.hvacredu.net\/staging\/?s={search_term_string}"},"query-input":{"@type":"PropertyValueSpecification","valueRequired":true,"valueName":"search_term_string"}}],"inLanguage":"en"},{"@type":"Organization","@id":"https:\/\/www.hvacredu.net\/staging\/#organization","name":"www.hvacredu.net","url":"https:\/\/www.hvacredu.net\/staging\/","logo":{"@type":"ImageObject","inLanguage":"en","@id":"https:\/\/www.hvacredu.net\/staging\/#\/schema\/logo\/image\/","url":"http:\/\/www.hvacredu.net\/staging\/wp-content\/uploads\/2021\/05\/HVAClogo-2-1.png","contentUrl":"http:\/\/www.hvacredu.net\/staging\/wp-content\/uploads\/2021\/05\/HVAClogo-2-1.png","width":200,"height":54,"caption":"www.hvacredu.net"},"image":{"@id":"https:\/\/www.hvacredu.net\/staging\/#\/schema\/logo\/image\/"},"sameAs":["https:\/\/www.facebook.com\/hvacredunet","https:\/\/x.com\/hvacreducation","https:\/\/www.instagram.com\/hvacredu\/","https:\/\/www.youtube.com\/channel\/UCt3vrukCW1pZlpnmjexqQcA"]}]}},"_links":{"self":[{"href":"https:\/\/www.hvacredu.net\/staging\/wp-json\/wp\/v2\/product\/40620","targetHints":{"allow":["GET"]}}],"collection":[{"href":"https:\/\/www.hvacredu.net\/staging\/wp-json\/wp\/v2\/product"}],"about":[{"href":"https:\/\/www.hvacredu.net\/staging\/wp-json\/wp\/v2\/types\/product"}],"wp:featuredmedia":[{"embeddable":true,"href":"https:\/\/www.hvacredu.net\/staging\/wp-json\/wp\/v2\/media\/40621"}],"wp:attachment":[{"href":"https:\/\/www.hvacredu.net\/staging\/wp-json\/wp\/v2\/media?parent=40620"}],"wp:term":[{"taxonomy":"product_brand","embeddable":true,"href":"https:\/\/www.hvacredu.net\/staging\/wp-json\/wp\/v2\/product_brand?post=40620"},{"taxonomy":"product_cat","embeddable":true,"href":"https:\/\/www.hvacredu.net\/staging\/wp-json\/wp\/v2\/product_cat?post=40620"},{"taxonomy":"product_tag","embeddable":true,"href":"https:\/\/www.hvacredu.net\/staging\/wp-json\/wp\/v2\/product_tag?post=40620"}],"curies":[{"name":"wp","href":"https:\/\/api.w.org\/{rel}","templated":true}]}}