{"id":40784,"date":"2025-06-18T16:29:14","date_gmt":"2025-06-18T23:29:14","guid":{"rendered":"https:\/\/www.hvacredu.net\/staging\/?post_type=product&#038;p=40784"},"modified":"2025-08-06T17:21:14","modified_gmt":"2025-08-07T00:21:14","slug":"141-refrigeracion","status":"publish","type":"product","link":"https:\/\/www.hvacredu.net\/staging\/shop\/141-refrigeracion\/","title":{"rendered":"141 Refrigeraci\u00f3n"},"content":{"rendered":"<p class=\"ai-optimize-37 ai-optimize-introduction\"><strong>141 Refrigeraci\u00f3n<\/strong>\u00a0se ha dise\u00f1ado con el fin de ofrecer un an\u00e1lisis a fondo del circuito de refrigerante, en cuanto se aplica tanto al aire acondicionado como la refrigeraci\u00f3n, y para aportar un m\u00e9todo pr\u00e1ctico y sistem\u00e1tico de diagnosticar problemas en el circuito de refrigerante. Si entiende los par\u00e1metros de funcionamiento del circuito de refrigerante, podr\u00e1 diagnosticar cualquier m\u00e1quina. La instrucci\u00f3n se alinea con las normas para la instalaci\u00f3n y el mantenimiento de calidad de ACCA e incluye los tutoriales de RSES . Este curso est\u00e1 reconocido por NATE por 18 horas de educaci\u00f3n continua (CEH) aplicables a la nueva certificaci\u00f3n de NATE.<\/p>\n<div><span class=\"s1\">\u00a0<\/span><\/div>\n<div><span class=\"s1\">Llos m\u00f3dulos tratan de los siguientes temas:<\/span><\/div>\n<div><span class=\"s1\">\u00a0<\/span><\/div>\n<div><span class=\"s1\">\u2022 F\u00edsica b\u00e1sica del ciclo de refrigeraci\u00f3n<\/span><\/div>\n<div><span class=\"s1\">\u2022 Condensaci\u00f3n y condensadores<\/span><\/div>\n<div><span class=\"s1\">\u2022 Expansi\u00f3n y dispositivos de medici\u00f3n<\/span><\/div>\n<div><span class=\"s1\">\u2022 Evaporaci\u00f3n y Evaporadores<\/span><\/div>\n<div><span class=\"s1\">\u2022 Compresi\u00f3n y compresores<\/span><\/div>\n<div><span class=\"s1\">\u2022 Medici\u00f3n del ciclo normal<\/span><\/div>\n<p>&nbsp;<\/p>\n<p class=\"ai-optimize-38\"><strong>Textbook Reference:<\/strong>\u00a0https:\/\/www.hvacrassets.net\/Textbook\/TextbookPage081021.pdf<\/p>\n","protected":false},"excerpt":{"rendered":"<p class=\"ai-optimize-34 ai-optimize-introduction\"><strong>141 Refrigeraci\u00f3n<\/strong>\u00a0se ha dise\u00f1ado con el fin de ofrecer un an\u00e1lisis a fondo del circuito de refrigerante, en cuanto se aplica tanto al aire acondicionado como la refrigeraci\u00f3n, y para aportar un m\u00e9todo pr\u00e1ctico y sistem\u00e1tico de diagnosticar problemas en el circuito de refrigerante.<\/p>\n","protected":false},"featured_media":40785,"template":"","meta":[],"product_brand":[],"product_cat":[128,135],"product_tag":[],"class_list":{"0":"post-40784","1":"product","2":"type-product","3":"status-publish","4":"has-post-thumbnail","6":"product_cat-individual-training-courses","7":"product_cat-cursos-en-espanol","9":"first","10":"instock","11":"downloadable","12":"virtual","13":"taxable","14":"purchasable","15":"product-type-simple"},"yoast_head":"<!-- This site is optimized with the Yoast SEO Premium plugin v25.2 (Yoast SEO v25.8) - https:\/\/yoast.com\/wordpress\/plugins\/seo\/ -->\n<title>141 Refrigeraci\u00f3n - HVACRedu.net - Online HVAC and Refrigeration Training<\/title>\n<meta name=\"description\" content=\"141 Refrigeraci\u00f3n se ha dise\u00f1ado con el fin de ofrecer un an\u00e1lisis a fondo del circuito de refrigerante, en cuanto se aplica tanto al aire acondicionado como la refrigeraci\u00f3n, y para aportar un m\u00e9todo pr\u00e1ctico y sistem\u00e1tico de diagnosticar problemas en el circuito de refrigerante.\" \/>\n<meta name=\"robots\" content=\"noindex, follow, max-snippet:-1, max-image-preview:large, max-video-preview:-1\" \/>\n<meta property=\"og:locale\" content=\"en_US\" \/>\n<meta property=\"og:type\" content=\"article\" \/>\n<meta property=\"og:title\" content=\"141 Refrigeraci\u00f3n\" \/>\n<meta property=\"og:description\" content=\"141 Refrigeraci\u00f3n se ha dise\u00f1ado con el fin de ofrecer un an\u00e1lisis a fondo del circuito de refrigerante, en cuanto se aplica tanto al aire acondicionado como la refrigeraci\u00f3n, y para aportar un m\u00e9todo pr\u00e1ctico y sistem\u00e1tico de diagnosticar problemas en el circuito de refrigerante.\" \/>\n<meta property=\"og:url\" content=\"https:\/\/www.hvacredu.net\/staging\/shop\/141-refrigeracion\/\" \/>\n<meta property=\"og:site_name\" content=\"HVACRedu.net - Online HVAC and Refrigeration Training\" \/>\n<meta property=\"article:publisher\" content=\"https:\/\/www.facebook.com\/hvacredunet\" \/>\n<meta property=\"article:modified_time\" content=\"2025-08-07T00:21:14+00:00\" \/>\n<meta property=\"og:image\" content=\"https:\/\/www.hvacredu.net\/staging\/wp-content\/uploads\/2025\/06\/141_HVACR_Refrigeration_1.jpg\" \/>\n\t<meta property=\"og:image:width\" content=\"320\" \/>\n\t<meta property=\"og:image:height\" content=\"220\" \/>\n\t<meta property=\"og:image:type\" content=\"image\/jpeg\" \/>\n<meta name=\"twitter:card\" content=\"summary_large_image\" \/>\n<meta name=\"twitter:site\" content=\"@hvacreducation\" \/>\n<meta name=\"twitter:label1\" content=\"Est. reading time\" \/>\n\t<meta name=\"twitter:data1\" content=\"1 minute\" \/>\n<script type=\"application\/ld+json\" class=\"yoast-schema-graph\">{\"@context\":\"https:\/\/schema.org\",\"@graph\":[{\"@type\":\"WebPage\",\"@id\":\"https:\/\/www.hvacredu.net\/staging\/shop\/141-refrigeracion\/\",\"url\":\"https:\/\/www.hvacredu.net\/staging\/shop\/141-refrigeracion\/\",\"name\":\"141 Refrigeraci\u00f3n - HVACRedu.net - Online HVAC and Refrigeration Training\",\"isPartOf\":{\"@id\":\"https:\/\/www.hvacredu.net\/staging\/#website\"},\"primaryImageOfPage\":{\"@id\":\"https:\/\/www.hvacredu.net\/staging\/shop\/141-refrigeracion\/#primaryimage\"},\"image\":{\"@id\":\"https:\/\/www.hvacredu.net\/staging\/shop\/141-refrigeracion\/#primaryimage\"},\"thumbnailUrl\":\"https:\/\/www.hvacredu.net\/staging\/wp-content\/uploads\/2025\/06\/141_HVACR_Refrigeration_1.jpg\",\"datePublished\":\"2025-06-18T23:29:14+00:00\",\"dateModified\":\"2025-08-07T00:21:14+00:00\",\"description\":\"141 Refrigeraci\u00f3n se ha dise\u00f1ado con el fin de ofrecer un an\u00e1lisis a fondo del circuito de refrigerante, en cuanto se aplica tanto al aire acondicionado como la refrigeraci\u00f3n, y para aportar un m\u00e9todo pr\u00e1ctico y sistem\u00e1tico de diagnosticar problemas en el circuito de refrigerante.\",\"breadcrumb\":{\"@id\":\"https:\/\/www.hvacredu.net\/staging\/shop\/141-refrigeracion\/#breadcrumb\"},\"inLanguage\":\"en\",\"potentialAction\":[{\"@type\":\"ReadAction\",\"target\":[\"https:\/\/www.hvacredu.net\/staging\/shop\/141-refrigeracion\/\"]}]},{\"@type\":\"ImageObject\",\"inLanguage\":\"en\",\"@id\":\"https:\/\/www.hvacredu.net\/staging\/shop\/141-refrigeracion\/#primaryimage\",\"url\":\"https:\/\/www.hvacredu.net\/staging\/wp-content\/uploads\/2025\/06\/141_HVACR_Refrigeration_1.jpg\",\"contentUrl\":\"https:\/\/www.hvacredu.net\/staging\/wp-content\/uploads\/2025\/06\/141_HVACR_Refrigeration_1.jpg\",\"width\":320,\"height\":220},{\"@type\":\"BreadcrumbList\",\"@id\":\"https:\/\/www.hvacredu.net\/staging\/shop\/141-refrigeracion\/#breadcrumb\",\"itemListElement\":[{\"@type\":\"ListItem\",\"position\":1,\"name\":\"Home\",\"item\":\"https:\/\/www.hvacredu.net\/staging\/\"},{\"@type\":\"ListItem\",\"position\":2,\"name\":\"Shop\",\"item\":\"https:\/\/www.hvacredu.net\/staging\/shop\/\"},{\"@type\":\"ListItem\",\"position\":3,\"name\":\"141 Refrigeraci\u00f3n\"}]},{\"@type\":\"WebSite\",\"@id\":\"https:\/\/www.hvacredu.net\/staging\/#website\",\"url\":\"https:\/\/www.hvacredu.net\/staging\/\",\"name\":\"HVACRedu.net - Online HVAC and Refrigeration Training\",\"description\":\"\",\"publisher\":{\"@id\":\"https:\/\/www.hvacredu.net\/staging\/#organization\"},\"potentialAction\":[{\"@type\":\"SearchAction\",\"target\":{\"@type\":\"EntryPoint\",\"urlTemplate\":\"https:\/\/www.hvacredu.net\/staging\/?s={search_term_string}\"},\"query-input\":{\"@type\":\"PropertyValueSpecification\",\"valueRequired\":true,\"valueName\":\"search_term_string\"}}],\"inLanguage\":\"en\"},{\"@type\":\"Organization\",\"@id\":\"https:\/\/www.hvacredu.net\/staging\/#organization\",\"name\":\"www.hvacredu.net\",\"url\":\"https:\/\/www.hvacredu.net\/staging\/\",\"logo\":{\"@type\":\"ImageObject\",\"inLanguage\":\"en\",\"@id\":\"https:\/\/www.hvacredu.net\/staging\/#\/schema\/logo\/image\/\",\"url\":\"http:\/\/www.hvacredu.net\/staging\/wp-content\/uploads\/2021\/05\/HVAClogo-2-1.png\",\"contentUrl\":\"http:\/\/www.hvacredu.net\/staging\/wp-content\/uploads\/2021\/05\/HVAClogo-2-1.png\",\"width\":200,\"height\":54,\"caption\":\"www.hvacredu.net\"},\"image\":{\"@id\":\"https:\/\/www.hvacredu.net\/staging\/#\/schema\/logo\/image\/\"},\"sameAs\":[\"https:\/\/www.facebook.com\/hvacredunet\",\"https:\/\/x.com\/hvacreducation\",\"https:\/\/www.instagram.com\/hvacredu\/\",\"https:\/\/www.youtube.com\/channel\/UCt3vrukCW1pZlpnmjexqQcA\"]}]}<\/script>\n<!-- \/ Yoast SEO Premium plugin. -->","yoast_head_json":{"title":"141 Refrigeraci\u00f3n - HVACRedu.net - Online HVAC and Refrigeration Training","description":"141 Refrigeraci\u00f3n se ha dise\u00f1ado con el fin de ofrecer un an\u00e1lisis a fondo del circuito de refrigerante, en cuanto se aplica tanto al aire acondicionado como la refrigeraci\u00f3n, y para aportar un m\u00e9todo pr\u00e1ctico y sistem\u00e1tico de diagnosticar problemas en el circuito de refrigerante.","robots":{"index":"noindex","follow":"follow","max-snippet":"max-snippet:-1","max-image-preview":"max-image-preview:large","max-video-preview":"max-video-preview:-1"},"og_locale":"en_US","og_type":"article","og_title":"141 Refrigeraci\u00f3n","og_description":"141 Refrigeraci\u00f3n se ha dise\u00f1ado con el fin de ofrecer un an\u00e1lisis a fondo del circuito de refrigerante, en cuanto se aplica tanto al aire acondicionado como la refrigeraci\u00f3n, y para aportar un m\u00e9todo pr\u00e1ctico y sistem\u00e1tico de diagnosticar problemas en el circuito de refrigerante.","og_url":"https:\/\/www.hvacredu.net\/staging\/shop\/141-refrigeracion\/","og_site_name":"HVACRedu.net - Online HVAC and Refrigeration Training","article_publisher":"https:\/\/www.facebook.com\/hvacredunet","article_modified_time":"2025-08-07T00:21:14+00:00","og_image":[{"width":320,"height":220,"url":"https:\/\/www.hvacredu.net\/staging\/wp-content\/uploads\/2025\/06\/141_HVACR_Refrigeration_1.jpg","type":"image\/jpeg"}],"twitter_card":"summary_large_image","twitter_site":"@hvacreducation","twitter_misc":{"Est. reading time":"1 minute"},"schema":{"@context":"https:\/\/schema.org","@graph":[{"@type":"WebPage","@id":"https:\/\/www.hvacredu.net\/staging\/shop\/141-refrigeracion\/","url":"https:\/\/www.hvacredu.net\/staging\/shop\/141-refrigeracion\/","name":"141 Refrigeraci\u00f3n - HVACRedu.net - Online HVAC and Refrigeration Training","isPartOf":{"@id":"https:\/\/www.hvacredu.net\/staging\/#website"},"primaryImageOfPage":{"@id":"https:\/\/www.hvacredu.net\/staging\/shop\/141-refrigeracion\/#primaryimage"},"image":{"@id":"https:\/\/www.hvacredu.net\/staging\/shop\/141-refrigeracion\/#primaryimage"},"thumbnailUrl":"https:\/\/www.hvacredu.net\/staging\/wp-content\/uploads\/2025\/06\/141_HVACR_Refrigeration_1.jpg","datePublished":"2025-06-18T23:29:14+00:00","dateModified":"2025-08-07T00:21:14+00:00","description":"141 Refrigeraci\u00f3n se ha dise\u00f1ado con el fin de ofrecer un an\u00e1lisis a fondo del circuito de refrigerante, en cuanto se aplica tanto al aire acondicionado como la refrigeraci\u00f3n, y para aportar un m\u00e9todo pr\u00e1ctico y sistem\u00e1tico de diagnosticar problemas en el circuito de refrigerante.","breadcrumb":{"@id":"https:\/\/www.hvacredu.net\/staging\/shop\/141-refrigeracion\/#breadcrumb"},"inLanguage":"en","potentialAction":[{"@type":"ReadAction","target":["https:\/\/www.hvacredu.net\/staging\/shop\/141-refrigeracion\/"]}]},{"@type":"ImageObject","inLanguage":"en","@id":"https:\/\/www.hvacredu.net\/staging\/shop\/141-refrigeracion\/#primaryimage","url":"https:\/\/www.hvacredu.net\/staging\/wp-content\/uploads\/2025\/06\/141_HVACR_Refrigeration_1.jpg","contentUrl":"https:\/\/www.hvacredu.net\/staging\/wp-content\/uploads\/2025\/06\/141_HVACR_Refrigeration_1.jpg","width":320,"height":220},{"@type":"BreadcrumbList","@id":"https:\/\/www.hvacredu.net\/staging\/shop\/141-refrigeracion\/#breadcrumb","itemListElement":[{"@type":"ListItem","position":1,"name":"Home","item":"https:\/\/www.hvacredu.net\/staging\/"},{"@type":"ListItem","position":2,"name":"Shop","item":"https:\/\/www.hvacredu.net\/staging\/shop\/"},{"@type":"ListItem","position":3,"name":"141 Refrigeraci\u00f3n"}]},{"@type":"WebSite","@id":"https:\/\/www.hvacredu.net\/staging\/#website","url":"https:\/\/www.hvacredu.net\/staging\/","name":"HVACRedu.net - Online HVAC and Refrigeration Training","description":"","publisher":{"@id":"https:\/\/www.hvacredu.net\/staging\/#organization"},"potentialAction":[{"@type":"SearchAction","target":{"@type":"EntryPoint","urlTemplate":"https:\/\/www.hvacredu.net\/staging\/?s={search_term_string}"},"query-input":{"@type":"PropertyValueSpecification","valueRequired":true,"valueName":"search_term_string"}}],"inLanguage":"en"},{"@type":"Organization","@id":"https:\/\/www.hvacredu.net\/staging\/#organization","name":"www.hvacredu.net","url":"https:\/\/www.hvacredu.net\/staging\/","logo":{"@type":"ImageObject","inLanguage":"en","@id":"https:\/\/www.hvacredu.net\/staging\/#\/schema\/logo\/image\/","url":"http:\/\/www.hvacredu.net\/staging\/wp-content\/uploads\/2021\/05\/HVAClogo-2-1.png","contentUrl":"http:\/\/www.hvacredu.net\/staging\/wp-content\/uploads\/2021\/05\/HVAClogo-2-1.png","width":200,"height":54,"caption":"www.hvacredu.net"},"image":{"@id":"https:\/\/www.hvacredu.net\/staging\/#\/schema\/logo\/image\/"},"sameAs":["https:\/\/www.facebook.com\/hvacredunet","https:\/\/x.com\/hvacreducation","https:\/\/www.instagram.com\/hvacredu\/","https:\/\/www.youtube.com\/channel\/UCt3vrukCW1pZlpnmjexqQcA"]}]}},"_links":{"self":[{"href":"https:\/\/www.hvacredu.net\/staging\/wp-json\/wp\/v2\/product\/40784","targetHints":{"allow":["GET"]}}],"collection":[{"href":"https:\/\/www.hvacredu.net\/staging\/wp-json\/wp\/v2\/product"}],"about":[{"href":"https:\/\/www.hvacredu.net\/staging\/wp-json\/wp\/v2\/types\/product"}],"wp:featuredmedia":[{"embeddable":true,"href":"https:\/\/www.hvacredu.net\/staging\/wp-json\/wp\/v2\/media\/40785"}],"wp:attachment":[{"href":"https:\/\/www.hvacredu.net\/staging\/wp-json\/wp\/v2\/media?parent=40784"}],"wp:term":[{"taxonomy":"product_brand","embeddable":true,"href":"https:\/\/www.hvacredu.net\/staging\/wp-json\/wp\/v2\/product_brand?post=40784"},{"taxonomy":"product_cat","embeddable":true,"href":"https:\/\/www.hvacredu.net\/staging\/wp-json\/wp\/v2\/product_cat?post=40784"},{"taxonomy":"product_tag","embeddable":true,"href":"https:\/\/www.hvacredu.net\/staging\/wp-json\/wp\/v2\/product_tag?post=40784"}],"curies":[{"name":"wp","href":"https:\/\/api.w.org\/{rel}","templated":true}]}}